{"id":8035,"date":"2021-02-19T18:49:06","date_gmt":"2021-02-19T17:49:06","guid":{"rendered":"http:\/\/lama.fileli.unipi.it\/?page_id=8035"},"modified":"2021-02-19T18:49:06","modified_gmt":"2021-02-19T17:49:06","slug":"federica-valente","status":"publish","type":"page","link":"https:\/\/lama.fileli.unipi.it\/fr\/membri\/federica-valente\/","title":{"rendered":"Federica Valente"},"content":{"rendered":"<p><a href=\"http:\/\/lama.fileli.unipi.it\/membri\/federica-valente\/dav\/\" rel=\"attachment wp-att-8036\"><img loading=\"lazy\" decoding=\"async\" class=\"size-medium wp-image-8036\" src=\"http:\/\/lama.fileli.unipi.it\/wp-content\/uploads\/2021\/02\/FV-225x300.jpg\" alt=\"\" width=\"225\" height=\"300\" srcset=\"https:\/\/lama.fileli.unipi.it\/wp-content\/uploads\/2021\/02\/FV-225x300.jpg 225w, https:\/\/lama.fileli.unipi.it\/wp-content\/uploads\/2021\/02\/FV-768x1024.jpg 768w, https:\/\/lama.fileli.unipi.it\/wp-content\/uploads\/2021\/02\/FV-1152x1536.jpg 1152w, https:\/\/lama.fileli.unipi.it\/wp-content\/uploads\/2021\/02\/FV-1536x2048.jpg 1536w, https:\/\/lama.fileli.unipi.it\/wp-content\/uploads\/2021\/02\/FV-scaled.jpg 1920w\" sizes=\"auto, (max-width: 225px) 100vw, 225px\" \/><\/a><\/p>\n<p>Nel 2006 ha conseguito la Laurea Triennale in Lettere Antiche presso l\u2019Universit\u00e0 degli Studi di Cassino, discutendo una tesi dal titolo <em>Anna Perenna nei Fasti di Ovidio<\/em>, sotto la guida del prof. A. Stramaglia.<\/p>\n<p>Nel luglio 2008 ha conseguito la Laurea Specialistica in Filologia Greca e Latina presso l\u2019Universit\u00e0 degli Studi di Cassino, con una tesi dal titolo <em>La lingua delle donne in Terenzio<\/em>, sotto la guida del prof. A. Stramaglia.<\/p>\n<p>Nel 2013 ha ottenuto l\u2019abilitazione all\u2019insegnamento tramite TFA per le classi di concorso A13, A11, A12 e A22 e nel 2015 \u00a0la specializzazione per il sostegno nella scuola secondaria presso l\u2019Universit\u00e0 di Roma Tre.<\/p>\n<p>Nell\u2019a.a. 2015\/2016 \u00e8 stata cultrice della materia per l\u2019insegnamento di <em>Letteratura Latina <\/em>presso l\u2019Universit\u00e0 degli Studi di Cassino.<\/p>\n<p>Dal settembre 2016 \u00e8 docente di ruolo nella scuola secondaria.<\/p>\n<p>\u00c8 attualmente dottoranda in Scienze dell\u2019Antichit\u00e0 e Archeologia presso l\u2019Universit\u00e0 di Pisa, sotto la guida del prof. A. Taddei. Oggetto della sua ricerca \u00e8 la sterilit\u00e0 femminile come \u201cimpotenza sociale\u201d nel mondo greco-romano. Si occupa prevalentemente di condizione e linguaggio femminile nel mondo antico.<\/p>\n","protected":false},"excerpt":{"rendered":"<p>Nel 2006 ha conseguito la Laurea Triennale in Lettere Antiche presso l\u2019Universit\u00e0 degli Studi di Cassino, discutendo una tesi dal titolo Anna Perenna nei Fasti&#46;&#46;&#46;<\/p>\n","protected":false},"author":10,"featured_media":0,"parent":670,"menu_order":0,"comment_status":"closed","ping_status":"closed","template":"","meta":{"footnotes":""},"class_list":["post-8035","page","type-page","status-publish","hentry"],"translation":{"provider":"WPGlobus","version":"3.0.0","language":"fr","enabled_languages":["it","en","fr"],"languages":{"it":{"title":true,"content":true,"excerpt":false},"en":{"title":false,"content":false,"excerpt":false},"fr":{"title":false,"content":false,"excerpt":false}}},"_links":{"self":[{"href":"https:\/\/lama.fileli.unipi.it\/fr\/wp-json\/wp\/v2\/pages\/8035","targetHints":{"allow":["GET"]}}],"collection":[{"href":"https:\/\/lama.fileli.unipi.it\/fr\/wp-json\/wp\/v2\/pages"}],"about":[{"href":"https:\/\/lama.fileli.unipi.it\/fr\/wp-json\/wp\/v2\/types\/page"}],"author":[{"embeddable":true,"href":"https:\/\/lama.fileli.unipi.it\/fr\/wp-json\/wp\/v2\/users\/10"}],"replies":[{"embeddable":true,"href":"https:\/\/lama.fileli.unipi.it\/fr\/wp-json\/wp\/v2\/comments?post=8035"}],"version-history":[{"count":3,"href":"https:\/\/lama.fileli.unipi.it\/fr\/wp-json\/wp\/v2\/pages\/8035\/revisions"}],"predecessor-version":[{"id":8039,"href":"https:\/\/lama.fileli.unipi.it\/fr\/wp-json\/wp\/v2\/pages\/8035\/revisions\/8039"}],"up":[{"embeddable":true,"href":"https:\/\/lama.fileli.unipi.it\/fr\/wp-json\/wp\/v2\/pages\/670"}],"wp:attachment":[{"href":"https:\/\/lama.fileli.unipi.it\/fr\/wp-json\/wp\/v2\/media?parent=8035"}],"curies":[{"name":"wp","href":"https:\/\/api.w.org\/{rel}","templated":true}]}}

<p><a href="http://lama.fileli.unipi.it/membri/federica-valente/dav/" rel="attachment wp-att-8036"><img loading="lazy" decoding="async" class="size-medium wp-image-8036" src="http://lama.fileli.unipi.it/wp-content/uploads/2021/02/FV-225x300.jpg" alt="" width="225" height="300" srcset="https://lama.fileli.unipi.it/wp-content/uploads/2021/02/FV-225x300.jpg 225w, https://lama.fileli.unipi.it/wp-content/uploads/2021/02/FV-768x1024.jpg 768w, https://lama.fileli.unipi.it/wp-content/uploads/2021/02/FV-1152x1536.jpg 1152w, https://lama.fileli.unipi.it/wp-content/uploads/2021/02/FV-1536x2048.jpg 1536w, https://lama.fileli.unipi.it/wp-content/uploads/2021/02/FV-scaled.jpg 1920w" sizes="auto, (max-width: 225px) 100vw, 225px" /></a></p>
<p>Nel 2006 ha conseguito la Laurea Triennale in Lettere Antiche presso l’Università degli Studi di Cassino, discutendo una tesi dal titolo <em>Anna Perenna nei Fasti di Ovidio</em>, sotto la guida del prof. A. Stramaglia.</p>
<p>Nel luglio 2008 ha conseguito la Laurea Specialistica in Filologia Greca e Latina presso l’Università degli Studi di Cassino, con una tesi dal titolo <em>La lingua delle donne in Terenzio</em>, sotto la guida del prof. A. Stramaglia.</p>
<p>Nel 2013 ha ottenuto l’abilitazione all’insegnamento tramite TFA per le classi di concorso A13, A11, A12 e A22 e nel 2015  la specializzazione per il sostegno nella scuola secondaria presso l’Università di Roma Tre.</p>
<p>Nell’a.a. 2015/2016 è stata cultrice della materia per l’insegnamento di <em>Letteratura Latina </em>presso l’Università degli Studi di Cassino.</p>
<p>Dal settembre 2016 è docente di ruolo nella scuola secondaria.</p>
<p>È attualmente dottoranda in Scienze dell’Antichità e Archeologia presso l’Università di Pisa, sotto la guida del prof. A. Taddei. Oggetto della sua ricerca è la sterilità femminile come “impotenza sociale” nel mondo greco-romano. Si occupa prevalentemente di condizione e linguaggio femminile nel mondo antico.</p>

<p>Nel 2006 ha conseguito la Laurea Triennale in Lettere Antiche presso l’Università degli Studi di Cassino, discutendo una tesi dal titolo Anna Perenna nei Fasti&#46;&#46;&#46;</p>
